. Is d composite?
False
Let x = -26 - -26. Suppose -2*q + 3 = 11, -5*q = -3*u + 17. Is u*(3 + x) - -304 a composite number?
True
Let m be -1 + (-1 - 1) + 15. Suppose -r = r - 2*a - m, 3*r + 5*a + 6 = 0. Suppose 32 = r*u - 127. Is u prime?
True
Suppose 405*k - 403*k = 4246. Is k composite?
True
Let x(q) = -775*q - 126. Is x(-7) prime?
False
Let d(m) = -m**3 + 2*m**2 + 2*m. Let g be d(2). Let s = 10 - g. Let z = 44 - s. Is z a composite number?
True
Suppose -3*w + 2*m = -24995, 8*m + 24975 = 3*w + 11*m. Is w prime?
True
Let u be (50/8 + -1 + 1)*4. Suppose 605 = 30*b - u*b. Is b prime?
False
Suppose 3*m - 58 = 2*m. Let j be m/7 - 2/7. Suppose j*f = 12*f - 1004. Is f a prime number?
True
Let b = 113 + -115. Let i(f) = -48*f - 2. Is i(b) a prime number?
False
Let y be -1123*(-7)/4 + 37/(-148). Let c = y + -686. Is c a prime number?
True
Let k(q) = -q**2 + 10*q - 24. Let l be k(7). Is (-2463)/(-2)*(5 + l) + -4 composite?
False
Let d(p) = -p + 8. Let y be d(6). Suppose 4*n - 1416 = -6*z + y*z, 3*n = -z + 362. Let q = z - 127. Is q composite?
False
Let v(b) be the first derivative of 2*b**3/3 + 3*b**2/2 + 14*b - 7. Is v(9) a prime number?
False
Suppose 4*o - 5 = -17. Let l(b) = -476*b + 11. Is l(o) prime?
True
Is (-168)/21 + 3*1173 composite?
False
Let t(z) = 168*z - 1. Let b be t(-2). Suppose -3*l = -6*l - 684. Let h = l - b. Is h a prime number?
True
Let b(v) = 2*v**2 - v - 4. Let i be b(-7). Suppose -5*k = -3*u - 811, -k + 58 = u - i. Is k prime?
False
Suppose -17*x = -15*x - 898. Let b = -166 + x. Let q = 51 + b. Is q prime?
False
Suppose z = 5*t + 3845, 3*z - 4*t - 5055 = 6524. Is z a composite number?
True
Let z be 7 + -7 - (-2 + 5). Let w be -1 + (z/1 - -90). Suppose a - 161 = w. Is a composite?
True
Let n(w) = -w**3 - 16*w**2 + 23*w + 7. Let a be n(-19). Let j = a - 250. Is j a prime number?
False
Suppose -2*c + 5410 = -3*y - 12888, -4*c - 3*y = -36560. Is c a composite number?
True
Suppose 818 = -2*h + 6444. Is h a composite number?
True
Suppose -14*j = -10*j - 86852. Let x = j + -13656. Is x a composite number?
True
Let z = 5457 + -3826. Is z composite?
True
Let c(z) = -4093*z - 71. Is c(-4) a prime number?
True
Let l = -3287 + 7336. Is l a prime number?
True
Let m(p) be the first derivative of -22*p**2 + 21*p + 31. Is m(-2) a prime number?
True
Let f = 75 - 70. Suppose 5880 = -x + f*x + 2*a, 2*x - 2930 = 4*a. Is x prime?
False
Let f(g) = 31*g**2 - 6*g - 6. Let l be f(-7). Suppose -3*z + 3*o + l + 806 = 0, 0 = -z + 2*o + 783. Is z composite?
True
Let a = 23 + -14. Suppose q - 3*m = -2*q - a, 7 = 3*q + m. Is q/(((-5)/3155)/(-1)) a prime number?
True
Let f(p) = -p**3 + 11*p**2 + 12*p - 15. Let z be f(8). Let h = -114 + z. Is h a prime number?
False
Let y(q) = 2*q**2 - 2*q - 1. Let n be y(-1). Suppose -493 = -d - 4*a, -n*a - 994 = 5*d - 3408. Is d a prime number?
False
Is (-674)/(-1)*(10/4 + -2) composite?
False
Let r(j) = -405*j + 6. Let x be r(-1). Let l = x + 392. Is l a prime number?
False
Let j(n) = 2*n - 1. Let u be j(3). Let c(a) = 3*a - 9. Let p be c(u). Suppose -o + k = -194, 5*k = 3*k - p. Is o a composite number?
False
Suppose -4*p - 201 = 1155. Let h = p - -2842. Is h a composite number?
False
Let b be 3/2*(-4)/(-3). Suppose 2*l + 2*o = o, -b*o = 0. Suppose l = -u + 122 + 89. Is u a composite number?
False
Let u(a) = -a. Let p(k) = -12*k + 5. Let f(b) = p(b) - 5*u(b). Let l(y) = y**3 + 29*y**2 - 64*y - 66. Let z be l(-31). Is f(z) composite?
True
Is (319326/(-168))/(1/(-4 - 0)) a composite number?
False
Let p = -129 - -133. Let s(m) = -m**2 + 5*m - 2. Let r be s(4). Suppose -r*g + 7*g = -p*z + 2183, -3*g + 544 = z. Is z composite?
False
Let y(b) = 149*b + 536. Is y(55) a composite number?
False
Let b(j) = -j. Let o be b(1). Let u(a) = 25*a - 11*a + 4*a**2 - 13*a - 204*a**3 - 103*a**3 - 3*a**2. Is u(o) a prime number?
True
Let n(d) = 242*d - 193. Is n(6) a prime number?
True
Let l be 9/(-12)*(-276)/(1 - 2). Suppose n = -41 - 77. Let t = n - l. Is t prime?
True
Suppose -1151485 = -58*l - 209739. Is l a composite number?
True
Let t be -3*4/(-3) + 29. Is t*(6 - 1) - 2 a prime number?
True
Is (3/6)/(5439/(-5442) + 1) a prime number?
True
Suppose -2272 = -4*b + 124. Suppose 4*j + b = 3*h + 2*j, -3*h = -5*j - 602. Is h a composite number?
False
Suppose 4*n - 3*o - 2 - 9 = 0, 3*o + 9 = 3*n. Suppose -n*f = -3*y + 555, 0 = 2*y - 2*f - f - 365. Is y composite?
True
Suppose -5*g + 3*l + 10262 = 0, 0 = 4*g - 4*l - 2019 - 6189. Is g prime?
True
Suppose -2*m = 5*u - 21648, -4*u - 3*m + 8668 = -2*u. Let i = u + -1567. Is i prime?
False
Let n(b) = 3*b + 329. Let w(c) = c**3 + c**2 + c + 1. Let k be w(-1). Is n(k) composite?
True
Let c = -26160 - -39911. Is c prime?
True
Let v(n) = 21*n**2 + 7*n + 9. Is v(-10) a prime number?
True
Suppose -24350 + 114842 = 6*h. Is h a composite number?
True
Let y be (3 + 9)*1/(-3). Let l be 6/y - (-6)/12. Is (l - -1) + -3 - -22 composite?
False
Let s = -31 + 33. Is s + (1*715 - 4/(-2)) a composite number?
False
Let r(i) = -i**2 - 8*i - 9. Let b be (-24)/(-9)*9/(-4). Let w be r(b). Suppose -u + 4*j + 85 = 0, -w*j + 250 = 2*u + 102. Is u a prime number?
False
Let y be (4*102 - 0)/(0 - 1). Is 3/(-5) + y/(-30) prime?
True
Suppose -z - 3 = -5*f, 5*f - 4*z - 7 - 5 = 0. Suppose f = 4*b - 14 - 10. Let h(o) = 3*o**3 + 6*o**2 - 14*o + 7. Is h(b) a prime number?
True
Let r(l) = 42*l - 17. Let w(y) = -43*y + 16. Let d(z) = 5*r(z) + 6*w(z). Is d(-5) prime?
True
Suppose 5*z = z, 0 = q + z - 2. Suppose -q*x - 2 = 0, 0*h = 3*h + x - 587. Let f = 307 - h. Is f composite?
True
Suppose 3*p + 8*l - 7*l = -11, 3*p - 4*l + 16 = 0. Let j(a) be the first derivative of -3*a**4/4 - a**3 + 2*a**2 + 3*a + 1. Is j(p) composite?
False
Let x be (2092/(-12))/((-2)/6). Let n = x + -146. Is n a composite number?
True
Let m = -67 + 80. Suppose -2*l + m*l - 2321 = 0. Is l a composite number?
False
Suppose 49*v = 33*v + 70960. Is v a prime number?
False
Let c be -1*0*(-3)/(-9). Suppose -3*x + 16 + 179 = c. Is x a composite number?
True
Let g = 16388 - 11457. Is g composite?
False
Let p = 3863 - -22320. Is p prime?
True
Suppose 0 = -5*t + 3*d + 19250, 0*t - 4*d = -4*t + 15408. Is t prime?
True
Let d(j) = -42*j**3 - 2*j**2 + 2*j + 3. Suppose 5*h + 14 = s, -19 - 7 = 5*h - 4*s. Is d(h) prime?
False
Let k(h) = -h**3 + h**2 + 2*h - 4. Let l be k(2). Let x = -9 - l. Let d(u) = -78*u + 1. Is d(x) a composite number?
True
Let r(q) = -q**3 + 6*q**2 + 2*q - 6. Let i(s) = -2*s - 6. Let h be i(-6). Let t be r(h). Suppose -4*j = -t*j + 1306. Is j a composite number?
False
Suppose -3*r = -2*g + 6142, -2*r - 15355 = -5*g + 3*r. Suppose 4*w - g = -s, -2*s - 5*w + 6142 = -0*w. Is s composite?
True
Let b(k) be the third derivative of -17*k**4/3 + k**3/6 - 8*k**2. Is b(-4) composite?
True
Let q = 41 + -61. Let i be (q/30)/((-1)/(-6)). Is i/(-8)*6 + 484 composite?
False
Suppose -20*r = -38256 - 173524. Is r composite?
False
Let c = -115 - -200. Let t = c + 684. Is t prime?
True
Suppose -6*z = -z + 20. Let b(l) = -l**2 - 2*l - 6. Let g be b(z). Is 1334/7 + (-6)/g a composite number?
False
Let u be 5*(4 + 2 + -5). Let o = 7 - u. Suppose y = o*f + 319, y + 4*y = 4*f + 1625. Is y a prime number?
False
Suppose -y = 3*m + 3*y - 5765, 3*y - 15 = 0. Suppose m = -4*q - q. Let o = q - -684. Is o a composite number?
True
Let b(w) = -w**3 + 34*w**2 + 16*w + 101. Is b(33) a composite number?
True
Let d = 6283 - 1034. Is d composite?
True
Suppose 3*i + 4*c - 2*c = -97871, -3*i + 5*c - 97864 = 0. Is i/(-68) + (-3)/4 prime?
True
Suppose 0 = k - 12 - 6. Let d = 14 - k. Let o(g) = 6*g**2 - 7*g - 6. Is o(d) a composite number?
True
Suppose -3*a = 4*p - 0*p - 1751, -p - 2303 = -4*a. Suppose 21*x - 20*x + 263 = 0. Let q = a + x. Is q a composite number?
True
Let u(d) = -d + 4. Let n be u(-4). Is (2/(-4))/(n/(-3056)) composite?
False
Suppose z - 8 = 2*z. Let t be (-2)/z*(5 + -1). Is t/(2 + 27/(-14)) composite?
True
Let h(c) be the third derivative of 25*c**4/24 - 5*c**3/6 + 6*c**2. Let x be h(-6). Let q = x - -366. Is q a composite number?
False
Suppose 3*r - 10*r = -40285. Is r prime?
False
Let g = -2 - -4. Let m be (16/(-12))/((-2)/3). Suppose v - 84 = -5*t, m*v - 3*t = -g*t + 179. Is v a composite number?
False
Suppose -2*k - 68 = -5*q + 71, 3*q + 4*k = 99. Suppose 32*i = q*i + 30. Is i 